
{"id":976,"date":"2015-12-30T12:07:22","date_gmt":"2015-12-30T12:07:22","guid":{"rendered":"http:\/\/medical.bold-themes.com\/clinic\/?page_id=976"},"modified":"2026-04-14T17:57:12","modified_gmt":"2026-04-14T21:57:12","slug":"home","status":"publish","type":"page","link":"https:\/\/hospitalbelga.com\/web\/","title":{"rendered":"Home"},"content":{"rendered":"<p><section id=\"bt_section69e75215a9397\" data-parallax=\"0.05\" data-parallax-offset=\"0\" class=\"boldSection topExtraSpaced bottomSpaced btDarkSkin gutter fullScreenHeight btBottomVertical btParallax wBackground cover\" style=\"background-image:url('https:\/\/hospitalbelga.com\/web\/wp-content\/uploads\/2024\/01\/PORTADA-3.png');\"><div class=\"port\"><div class=\"boldCell\"><div class=\"boldCellInner\"><div class=\"boldRow  \" ><div class=\"boldRowInner\"><div class=\"rowItem col-md-12 col-ms-12  btTextLeft inherit\"  ><div class=\"rowItemContent\" ><div class=\"boldRow boldInnerRow  \" ><div class=\"rowItem rowInnerItem col-md-6  btTextLeft\"  ><div class=\"rowItemContent\"><div class=\"btClear btSeparator topExtraSpaced noBorder\" ><hr><\/div><header class=\"header btClear small btDash bottomDash  btAlternateDash\" style=\"max-width: 450px;\"><\/header><div class=\"btClear btSeparator topExtraSpaced noBorder\" ><hr><\/div><\/div><\/div><div class=\"rowItem rowInnerItem col-md-6  btTextLeft\"  ><div class=\"rowItemContent\"><\/div><\/div><\/div><\/div><\/div><\/div><\/div><\/div><\/div><\/div><\/section><section id=\"bt_section69e75215a976e\"  class=\"boldSection gutter\" ><div class=\"port\"><div class=\"boldCell\"><div class=\"boldCellInner\"><div class=\"boldRow  \" ><div class=\"boldRowInner\"><div class=\"rowItem col-md-12 col-ms-12  btTextCenter btTopVertical\"  ><div class=\"rowItemContent\" ><div class=\"btClear btSeparator topSmallSpaced noBorder\" ><hr><\/div><\/div><\/div><\/div><\/div><\/div><\/div><\/div><\/section><section id=\"bt_section69e75215a9954\"  class=\"boldSection bottomSemiSpaced gutter inherit\" ><div class=\"port\"><div class=\"boldCell\"><div class=\"boldCellInner\"><div class=\"boldRow  \" ><div class=\"boldRowInner\"><div class=\"rowItem col-md-6 col-sm-12 btTextCenter animate animate-fadein btTextIndent btHighlight inherit\"  ><div class=\"rowItemContent\" ><div class=\"btClear btSeparator topSpaced noBorder\" ><hr><\/div><div class=\"btIconImageRow btIconsNormalPosition\" ><span class=\"btIco btIcoOutlineType btIcoBigSize btIcoAlterColor   \" ><span  data-ico-cs=\"&#xe971;\" class=\"btIcoHolder\"><em><\/em><\/span><\/span><\/div><div class=\"btClear btSeparator topSemiSpaced noBorder\" ><hr><\/div><header class=\"header btClear medium  btNormalDash\" ><div class=\"dash\"><h3><span class=\"headline\">EMERGENCIAS 24\/7<\/span><\/h3><\/div><\/header><div class=\"btClear btSeparator topSmallSpaced noBorder\" ><hr><\/div><div class=\"btText\" ><\/p>\n<p style=\"text-align: center;\">Servicio de atenci\u00f3n en emergencias con especialistas y estudios complementarios.<\/p>\n<p>\n<\/div><div class=\"btClear btSeparator topSemiSpaced bottomExtraSmallSpaced noBorder\" ><hr><\/div><a href=\"#\" class=\"btBtn btBtn btnOutlineStyle btnAlternateColor btnMedium btnNormalWidth btnRightPosition btnNoIcon\"  target=\"_blank\"><span class=\"btnInnerText\">Ver M\u00e1s<\/span><\/a><div class=\"btClear btSeparator topSemiSpaced noBorder\" ><hr><\/div><\/div><\/div><div class=\"rowItem col-md-6 col-sm-12 btTextCenter animate animate-fadein btTextIndent btHighlight inherit\"  ><div class=\"rowItemContent\" ><div class=\"btClear btSeparator topSemiSpaced noBorder\" ><hr><\/div><header class=\"header btClear medium  btNormalDash\" ><div class=\"dash\"><h3><span class=\"headline\">HORARIOS DE ATENCI\u00d3N<\/span><\/h3><\/div><\/header><div class=\"btClear btSeparator topExtraSmallSpaced noBorder\" ><hr><\/div><div class=\"btText\" ><\/p>\n<p>\nHorarios de Lunes a Viernes.<\/p>\n<p>\n<\/div><div class=\"btClear btSeparator topSmallSpaced noBorder\" ><hr><\/div><div class=\"btText\" ><\/p>\n<p style=\"text-align: center;\"><strong>CITAS M\u00c9DICAS<\/strong><br \/>\n7:30 &#8211; 19:00<\/p>\n<hr \/>\n<p style=\"text-align: center;\"><strong>VISITAS A PACIENTES HOSPITALIZADOS<br \/>\n<\/strong>10:00 &#8211; 13:00 y 15:00 &#8211; 18:00<\/p>\n<hr \/>\n<p style=\"text-align: center;\"><strong>VISITAS A PACIENTES EN U.C.I<\/strong><br \/>\n11:00 &#8211; 12:00 y 15:00 &#8211; 16:00<\/p>\n<hr \/>\n<p style=\"text-align: center;\"><strong>LABORATORIO<\/strong><br \/>\n7:30 &#8211; 19:00<\/p>\n<p style=\"text-align: center;\"><span style=\"color: #187fc3;\"><strong>ATENCI\u00d3N EMERGENCIAS 24\/7<\/strong><\/span><\/p>\n<hr \/>\n<p>\n<\/div><div class=\"btClear btSeparator topSmallSpaced noBorder\" ><hr><\/div><\/div><\/div><\/div><\/div><div class=\"boldRow  \" ><div class=\"boldRowInner\"><\/div><\/div><\/div><\/div><\/div><\/section><section id=\"bt_section69e75215aa433\"  class=\"boldSection topSpaced bottomSpaced gutter btMiddleVertical wBackground cover\" style=\"background-color:#dddfde;background-image:url('https:\/\/hospitalbelga.com\/web\/wp-content\/uploads\/2015\/12\/bg-doktorka.jpg');\"><div class=\"port\"><div class=\"boldCell\"><div class=\"boldCellInner\"><div class=\"boldRow  \" ><div class=\"boldRowInner\"><div class=\"rowItem col-md-7 col-ms-12  btTextLeft animate animate-fadein animate-moveright inherit\"  ><div class=\"rowItemContent\" ><header class=\"header btClear large btDash topDash  btAccentDash\" ><div class=\"btSuperTitle\">Te invitamos a nuestro pr\u00f3ximo<\/div><div class=\"dash\"><h2><span class=\"headline\"><em>WEBINAR GRATUITO<\/em> <b class=\"animate\">\u00ab\u00bfQU\u00c9 ES EL VPH Y C\u00d3MO PREVENIRLO?\u00ab<\/b><\/span><\/h2><\/div><\/header><div class=\"btText\" ><\/p>\n<div dir=\"auto\">\n<div class=\"x11i5rnm xat24cr x1mh8g0r x1vvkbs xdj266r x126k92a\">\n<div dir=\"auto\">\n<div class=\"x11i5rnm xat24cr x1mh8g0r x1vvkbs xdj266r x126k92a\">\n<div dir=\"auto\">\n<div class=\"x11i5rnm xat24cr x1mh8g0r x1vvkbs xdj266r x126k92a\">\n<div dir=\"auto\">\n<div class=\"xdj266r x11i5rnm xat24cr x1mh8g0r x1vvkbs x126k92a\">\n<div dir=\"auto\">\n<div class=\"xdj266r x11i5rnm xat24cr x1mh8g0r x1vvkbs x126k92a\">\n<div dir=\"auto\">\n<div class=\"xdj266r x11i5rnm xat24cr x1mh8g0r x1vvkbs x126k92a\">\n<div dir=\"auto\">\n<div class=\"xdj266r x11i5rnm xat24cr x1mh8g0r x1vvkbs x126k92a\">\n<div dir=\"auto\">\n<div data-contents=\"true\">\n<div class=\"\" data-block=\"true\" data-editor=\"9d2ve\" data-offset-key=\"dj0lg-0-0\">\n<div data-contents=\"true\">\n<div class=\"\" data-block=\"true\" data-editor=\"3rm9l\" data-offset-key=\"8fnjp-0-0\">\n<div class=\"_1mf _1mj\" data-offset-key=\"8fnjp-0-0\">\n<p>El VPH es la infecci\u00f3n de trasmisi\u00f3n sexual m\u00e1s com\u00fan entre j\u00f3venes sexualmente activos.<br \/>\nLa pueden contraer y transmitir tanto mujeres ??como hombres ?? .<br \/>\nEl 70 a 80% de las personas sexualmente activas se contagiar\u00e1n en alg\u00fan momento de su vida.<br \/>\nAcomp\u00e1\u00f1anos en nuestro pr\u00f3ximo WEBINAR GRATUITO el d\u00eda jueves 28 de marzo de 2024 a hrs. 19:30 por #facebooklive. Estaremos compartiendo informaci\u00f3n valiosa junto a la especialista, la Dra. Camerina Mu\u00f1oz M\u00e9dico Ginec\u00f3loga Onc\u00f3loga del Hospital Belga. No te pierdas este tema que es de inter\u00e9s com\u00fan para todo public\u00f3. \u00a1Te esperamos!<br \/>\nSigue el evento y te enviaremos un recordatorio antes de que inicie?? https:\/\/www.facebook.com\/events\/347315631033465\/<\/p>\n<p>#HospitalBelga te cuida ??<\/p>\n<\/div>\n<\/div>\n<\/div>\n<\/div>\n<\/div>\n<\/div>\n<\/div>\n<\/div>\n<\/div>\n<\/div>\n<\/div>\n<\/div>\n<\/div>\n<\/div>\n<\/div>\n<\/div>\n<\/div>\n<\/div>\n<\/div>\n<\/div>\n<p>\n<\/div><div class=\"btClear btSeparator bottomSmallSpaced noBorder\" ><hr><\/div><\/div><\/div><div class=\"rowItem col-md-5 col-ms-12  btTextLeft animate animate-fadein animate-moveleft btTopVertical\"  ><div class=\"rowItemContent\" ><div class=\"bpgPhoto btTextCenter\" ><div class=\"btImage\"><img decoding=\"async\" src=\"https:\/\/hospitalbelga.com\/web\/wp-content\/themes\/medicare\/gfx\/blank.gif\" data-image_src=\"https:\/\/hospitalbelga.com\/web\/wp-content\/uploads\/2024\/03\/10.jpg\" alt=\"\" class=\"btLazyLoadImage\"><\/div><\/div><\/div><\/div><\/div><\/div><\/div><\/div><\/div><\/section><section id=\"bt_section69e75215aafd3\"  class=\"boldSection topSpaced bottomSpaced gutter inherit\" ><div class=\"port\"><div class=\"boldCell\"><div class=\"boldCellInner\"><div class=\"boldRow  \" ><div class=\"boldRowInner\"><div class=\"rowItem col-md-2  col-sm-4 col-ms-12 btTextCenter inherit\"  ><div class=\"rowItemContent\" ><\/div><\/div><div class=\"rowItem col-md-8 col-ms-12 btTextCenter animate animate-fadein animate-moveup inherit\"  ><div class=\"rowItemContent\" ><header class=\"header btClear large btDash bottomDash  btAccentDash\" ><div class=\"dash\"><h2><span class=\"headline\">BOLET\u00cdN DE NOTICIAS<\/span><\/h2><\/div><\/header><div class=\"btClear btSeparator bottomSemiSpaced noBorder\" ><hr><\/div><\/div><\/div><div class=\"rowItem col-md-2  col-sm-4 col-ms-12 btTextLeft\"  ><div class=\"rowItemContent\" ><\/div><\/div><\/div><\/div><div class=\"boldRow  \" ><div class=\"boldRowInner\"><div class=\"rowItem col-md-12 col-ms-12  btTextLeft animate animate-fadein inherit\"  ><div class=\"rowItemContent\" ><div class=\"btLatestPostsContainer  horizontalPosts \" >\r\n\t\t\t\t<div class=\"btSingleLatestPost col-sm-4 col-ms-12  inherit\"><div class=\"btSingleLatestPostImage btTextCenter\"><div class=\"bpgPhoto \" > \r\n\t\t\t\t\t<a href=\"https:\/\/hospitalbelga.com\/web\/webinar-gratuito-enfermedad-renal-diabetica-salud-renal-para-todos\/\" target=\"_self\" title=\"\"><\/a>\r\n\t\t\t\t\t<div class=\"boldPhotoBox\"><div class=\"bpbItem\"><div class = \"btImage\"><img decoding=\"async\" src=\"https:\/\/hospitalbelga.com\/web\/wp-content\/uploads\/2024\/03\/8-640x480.jpg\" alt=\"\" title=\"\" ><\/div><\/div><\/div>\r\n\t\t\t\t\t<div class=\"captionPane\">\r\n\t\t\t\t\t\t<div class=\"captionTable\">\r\n\t\t\t\t\t\t\t<div class=\"captionCell\">\r\n\t\t\t\t\t\t\t\t<div class=\"captionTxt\"><\/div>\r\n\t\t\t\t\t\t\t<\/div>\r\n\t\t\t\t\t\t<\/div>\r\n\t\t\t\t\t<\/div><\/div><\/div><span class=\"btIco btIcoMediumSize btIcoFilledType btIcoAccentColor\" ><a href=\"https:\/\/hospitalbelga.com\/web\/webinar-gratuito-enfermedad-renal-diabetica-salud-renal-para-todos\/\"  data-ico-cs=\"&#xe9f9;\" class=\"btIcoHolder\"><em><\/em><\/a><\/span><div class = \"btSingleLatestPostContent\"><div class=\"btSLPCCwrap\">\r\n\t\t\t\t\t\t\r\n\t\t\t\t\t\t<header class=\"header btClear medium btAlternateDash\" ><div class=\"btSuperTitle\"><span class=\"btArticleDate\">marzo 18, 2024<\/span><\/div><div class=\"dash\"><h3><span class=\"headline\"><a href=\"https:\/\/hospitalbelga.com\/web\/webinar-gratuito-enfermedad-renal-diabetica-salud-renal-para-todos\/\" target=\"_self\">WEBINAR GRATUITO \u00ab\u201cENFERMEDAD RENAL DIAB\u00c9TICA &#8211; SALUD RENAL PARA TODOS\u201d\u00bb<\/a><\/span><\/h3><\/div><\/header>\r\n\t\t\t\t<p class=\"btLatestPostContent\"><\/p><\/div><\/div><\/div>\r\n\t\t\t\t<div class=\"btSingleLatestPost col-sm-4 col-ms-12  inherit\"><div class=\"btSingleLatestPostImage btTextCenter\"><div class=\"bpgPhoto \" > \r\n\t\t\t\t\t<a href=\"https:\/\/hospitalbelga.com\/web\/2950-2\/\" target=\"_self\" title=\"\"><\/a>\r\n\t\t\t\t\t<div class=\"boldPhotoBox\"><div class=\"bpbItem\"><div class = \"btImage\"><img decoding=\"async\" src=\"https:\/\/hospitalbelga.com\/web\/wp-content\/uploads\/2024\/02\/4.1-640x480.jpg\" alt=\"\" title=\"\" ><\/div><\/div><\/div>\r\n\t\t\t\t\t<div class=\"captionPane\">\r\n\t\t\t\t\t\t<div class=\"captionTable\">\r\n\t\t\t\t\t\t\t<div class=\"captionCell\">\r\n\t\t\t\t\t\t\t\t<div class=\"captionTxt\"><\/div>\r\n\t\t\t\t\t\t\t<\/div>\r\n\t\t\t\t\t\t<\/div>\r\n\t\t\t\t\t<\/div><\/div><\/div><span class=\"btIco btIcoMediumSize btIcoFilledType btIcoAccentColor\" ><a href=\"https:\/\/hospitalbelga.com\/web\/2950-2\/\"  data-ico-cs=\"&#xe9f9;\" class=\"btIcoHolder\"><em><\/em><\/a><\/span><div class = \"btSingleLatestPostContent\"><div class=\"btSLPCCwrap\">\r\n\t\t\t\t\t\t\r\n\t\t\t\t\t\t<header class=\"header btClear medium btAlternateDash\" ><div class=\"btSuperTitle\"><span class=\"btArticleDate\">marzo 4, 2024<\/span><\/div><div class=\"dash\"><h3><span class=\"headline\"><a href=\"https:\/\/hospitalbelga.com\/web\/2950-2\/\" target=\"_self\">WEBINAR GRATUITO \u00ab\u201cCARDIOPAT\u00cdAS CONG\u00c9NITAS &#8211; IMPORTANCIA DEL DIAGNOSTICO PRENATAL\u201d\u00bb<\/a><\/span><\/h3><\/div><\/header>\r\n\t\t\t\t<p class=\"btLatestPostContent\"><\/p><\/div><\/div><\/div>\r\n\t\t\t\t<div class=\"btSingleLatestPost col-sm-4 col-ms-12  inherit\"><div class=\"btSingleLatestPostImage btTextCenter\"><div class=\"bpgPhoto \" > \r\n\t\t\t\t\t<a href=\"https:\/\/hospitalbelga.com\/web\/webinar-gratuito-prevencion-y-cancer\/\" target=\"_self\" title=\"\"><\/a>\r\n\t\t\t\t\t<div class=\"boldPhotoBox\"><div class=\"bpbItem\"><div class = \"btImage\"><img decoding=\"async\" src=\"https:\/\/hospitalbelga.com\/web\/wp-content\/uploads\/2024\/01\/6-640x480.jpg\" alt=\"\" title=\"\" ><\/div><\/div><\/div>\r\n\t\t\t\t\t<div class=\"captionPane\">\r\n\t\t\t\t\t\t<div class=\"captionTable\">\r\n\t\t\t\t\t\t\t<div class=\"captionCell\">\r\n\t\t\t\t\t\t\t\t<div class=\"captionTxt\"><\/div>\r\n\t\t\t\t\t\t\t<\/div>\r\n\t\t\t\t\t\t<\/div>\r\n\t\t\t\t\t<\/div><\/div><\/div><span class=\"btIco btIcoMediumSize btIcoFilledType btIcoAccentColor\" ><a href=\"https:\/\/hospitalbelga.com\/web\/webinar-gratuito-prevencion-y-cancer\/\"  data-ico-cs=\"&#xe9f9;\" class=\"btIcoHolder\"><em><\/em><\/a><\/span><div class = \"btSingleLatestPostContent\"><div class=\"btSLPCCwrap\">\r\n\t\t\t\t\t\t\r\n\t\t\t\t\t\t<header class=\"header btClear medium btAlternateDash\" ><div class=\"btSuperTitle\"><span class=\"btArticleDate\">febrero 13, 2024<\/span><\/div><div class=\"dash\"><h3><span class=\"headline\"><a href=\"https:\/\/hospitalbelga.com\/web\/webinar-gratuito-prevencion-y-cancer\/\" target=\"_self\">WEBINAR GRATUITO \u00abPREVENCI\u00d3N Y C\u00c1NCER\u00bb<\/a><\/span><\/h3><\/div><\/header>\r\n\t\t\t\t<p class=\"btLatestPostContent\"><\/p><\/div><\/div><\/div><\/div><\/div><\/div><\/div><\/div><\/div><\/div><\/div><\/section><section id=\"bt_section69e75215ad33a\"  class=\"boldSection inherit\" ><div class=\"port\"><div class=\"boldCell\"><div class=\"boldCellInner\"><div class=\"boldRow  \" ><div class=\"boldRowInner\"><div class=\"rowItem col-md-9 col-ms-12  btTextCenter animate animate-fadein animate-moveright inherit btDoublePadding\" style=\"background-color: rgba(231, 231, 231, 1);\" ><div class=\"rowItemContent\" ><div class=\"btClear btSeparator bottomSpaced noBorder\" ><hr><\/div><header class=\"header btClear medium btDash bottomDash  btAccentDash\" ><div class=\"dash\"><h3><span class=\"headline\">AGRADECIMIENTOS<\/span><\/h3><\/div><\/header><div class=\"btClear btSeparator topSmallSpaced bottomSmallSpaced noBorder\" ><hr><\/div><div class=\"boldRow boldInnerRow  \" ><div class=\"rowItem rowInnerItem col-md-3  btTextLeft btTextCenter\"  ><div class=\"rowItemContent\"><div class=\"btIconImageRow btIconsHalfHoverPosition\" ><span class=\"btIco btIcoFilledType btIcoMediumSize btIcoAlterColor  btIcoOutline \" ><a href=\"#\"  target = \"no_target\" data-ico-fr=\"&#xf118;\" class=\"btIcoHolder\"><em><\/em><\/a><\/span><\/div><div class=\"btClear btSeparator bottomExtraSmallSpaced noBorder\" ><hr><\/div><header class=\"header btClear small  btNormalDash\" ><div class=\"dash\"><h4><span class=\"headline\">ANA MARIA SAAVEDRA<\/span><\/h4><\/div><\/header><div class=\"btIconImageRow\" ><div class=\"bpgPhoto btTextCenter\" ><div class=\"btImage\"><img decoding=\"async\" src=\"https:\/\/hospitalbelga.com\/web\/wp-content\/uploads\/2023\/04\/ca832d2c-ed57-4246-a8a6-a79466c30bd5.jpg\" alt=\"\" title=\"\"><\/div><\/div><\/div><\/div><\/div><div class=\"rowItem rowInnerItem col-md-3  btTextLeft\"  ><div class=\"rowItemContent\"><div class=\"btClear btSeparator bottomSmallSpaced noBorder\" ><hr><\/div><div class=\"btText\" ><\/p>\n<blockquote>\n<p>Mil felicidades a los neurologos!!! a tan prestigiosa y valorable ciencia y especialidad en post de aportes a mejor calidad de vida para los pacientes.<\/p>\n<\/blockquote>\n<p>\n<\/div><div class=\"btClear btSeparator bottomSemiSpaced noBorder\" ><hr><\/div><\/div><\/div><div class=\"rowItem rowInnerItem col-md-3  btTextLeft btTextCenter\"  ><div class=\"rowItemContent\"><div class=\"btIconImageRow btIconsHalfHoverPosition\" ><span class=\"btIco btIcoFilledType btIcoMediumSize btIcoAccentColor  btIcoOutline \" ><a href=\"#\"  target = \"no_target\" data-ico-fa=\"&#xf00c;\" class=\"btIcoHolder\"><em><\/em><\/a><\/span><\/div><div class=\"btClear btSeparator bottomExtraSmallSpaced noBorder\" ><hr><\/div><header class=\"header btClear small  btNormalDash\" ><div class=\"dash\"><h4><span class=\"headline\">ELENA VARGAS<\/span><\/h4><\/div><\/header><div class=\"btIconImageRow\" ><div class=\"bpgPhoto btTextCenter\" ><div class=\"btImage\"><img decoding=\"async\" src=\"https:\/\/hospitalbelga.com\/web\/wp-content\/uploads\/2023\/04\/9d5c7266-452c-41af-9025-a14276e2383f.jpg\" alt=\"\" title=\"\"><\/div><\/div><\/div><\/div><\/div><div class=\"rowItem rowInnerItem col-md-3  btTextLeft\"  ><div class=\"rowItemContent\"><div class=\"btClear btSeparator bottomSmallSpaced noBorder\" ><hr><\/div><div class=\"btText\" ><\/p>\n<blockquote>\n<p>El mejor equipo del mundo mundial, gracias!!!<\/p>\n<\/blockquote>\n<p>\n<\/div><div class=\"btClear btSeparator bottomSemiSpaced noBorder\" ><hr><\/div><\/div><\/div><\/div><div class=\"btClear btSeparator bottomSemiSpaced noBorder\" ><hr><\/div><\/div><\/div><div class=\"rowItem col-md-3 col-sm-6 col-ms-12 btTextLeft animate animate-fadein animate-moveleft btTopVertical btDoublePadding btDarkSkin wBackground cover\" style=\"background-image: url(https:\/\/hospitalbelga.com\/web\/wp-content\/uploads\/2015\/12\/bgn-grad.png);background-color: rgba(68, 167, 227, 1);\" ><div class=\"rowItemContent\" ><div class=\"btClear btSeparator bottomSpaced noBorder\" ><hr><\/div><header class=\"header btClear medium btDash bottomDash  btNormalDash\" ><div class=\"dash\"><h3><span class=\"headline\">T\u00da OPINI\u00d3N NOS IMPORTA<\/span><\/h3><\/div><div class=\"btSubTitle\">Escr\u00edbenos ante cualquier duda, consulta, reclamo y\/o sugerencia. Nuestra misi\u00f3n es mejorar continuamente en nuestra atenci\u00f3n al cliente.<\/div><\/header><div class=\"btClear btSeparator topSmallSpaced bottomSmallSpaced noBorder\" ><hr><\/div><div class=\"boldRow boldInnerRow  \" ><div class=\"rowItem rowInnerItem col-md-12  btTextRight inherit\"  ><div class=\"rowItemContent\"><a href=\"#\" class=\"btBtn btBtn btnOutlineStyle btnLightColor btnSmall btnNormalWidth btnRightPosition btnIco\" ><span class=\"btnInnerText\">VER M\u00c1S<\/span><span class=\"btIco \" ><span  data-ico-fa=\"&#xf105;\" class=\"btIcoHolder\"><em><\/em><\/span><\/span><\/a><\/div><\/div><\/div><div class=\"btClear btSeparator bottomSpaced noBorder\" ><hr><\/div><\/div><\/div><\/div><\/div><\/div><\/div><\/div><\/section><section id=\"bt_section69e75215ae8e0\"  class=\"boldSection btDarkSkin inherit\" ><div class=\"port\"><div class=\"boldCell\"><div class=\"boldCellInner\"><div class=\"boldRow  \" ><div class=\"boldRowInner\"><div class=\"rowItem col-md-12 col-ms-12  btTextLeft\"  ><div class=\"rowItemContent\" >\r\n\t\t\t<div class=\"btGoogleMapsWrapper \" \"><div id=\"map_canvas69e75215aebe1\" style=\"height:500px;;\" class=\"btGmap\"><\/div><div class=\"btGoogleMapsContent\"><div class=\"btGoogleMapsWrap\"><span class=\"btInfoPaneToggler\"><\/span><div class=\"btClear btSeparator bottomSemiSpaced noBorder\" ><hr><\/div><header class=\"header btClear medium  btNormalDash\" ><div class=\"dash\"><h3><span class=\"headline\">HORARIO ADMINISTRATIVO<\/span><\/h3><\/div><\/header><div class=\"btClear btSeparator topExtraSmallSpaced noBorder\" ><hr><\/div><div class=\"btWorkingHours  btWorkingHoursHasLink \" ><div class=\"btWorkingHoursInner\"><div class=\"btWorkingHoursInnerRow\"><div class=\"btWorkingHoursInnerTitle\">DE LUNES A VIERNES<\/div><div class=\"btWorkingHoursInnerContent\">9:00 &#8211; 12:00<\/div><div class=\"btWorkingHoursInnerLink\"><a href=\"#\" title=\"<br \/>\u00ab><br \/><\/a><\/div><\/div><div class=\"btWorkingHoursInnerRow\"><div class=\"btWorkingHoursInnerTitle\">DE LUNES A VIERNES<\/div><div class=\"btWorkingHoursInnerContent\">14:30 &#8211; 19:00<\/div><div class=\"btWorkingHoursInnerLink\"><a href=\"#\" title=\"<br \/>\u00ab><br \/><\/a><\/div><\/div><div class=\"btWorkingHoursInnerRow\"><div class=\"btWorkingHoursInnerTitle\">S\u00c1BADOS<\/div><div class=\"btWorkingHoursInnerContent\">9:00 &#8211; 12:00<\/div><\/div><\/div><\/div><div class=\"btClear btSeparator topSemiSpaced noBorder\" ><hr><\/div><header class=\"header btClear medium  btNormalDash\" ><div class=\"dash\"><h3><span class=\"headline\">DETALLES DEL CONTACTO<\/span><\/h3><\/div><\/header><div class=\"btClear btSeparator topExtraSmallSpaced noBorder\" ><hr><\/div><div class=\"btIconImageRow btIconsNormalPosition\" ><span class=\"btIco btIcoDefaultType btIcoExtraSmallSize btIcoDefaultColor   \" ><a href=\"tel:+080023367820\"  target = \"no_target\" data-ico-fa=\"&#xf095;\" class=\"btIcoHolder\"><em><\/em><span class=\"btIcoText\">+591 4 4231403<\/span><\/a><\/span><\/div><div class=\"btClear btSeparator topExtraSmallSpaced bottomExtraSmallSpaced noBorder\" ><hr><\/div><div class=\"btIconImageRow btIconsNormalPosition\" ><span class=\"btIco btIcoDefaultType btIcoExtraSmallSize btIcoDefaultColor   \" ><a href=\"mailto:sussie.wolff@medicare.com\"  target = \"no_target\" data-ico-fa=\"&#xf003;\" class=\"btIcoHolder\"><em><\/em><span class=\"btIcoText\">atencionalcliente@hospitalbelga.com<\/span><\/a><\/span><\/div><div class=\"btClear btSeparator topExtraSmallSpaced bottomExtraSmallSpaced noBorder\" ><hr><\/div><div class=\"btIconImageRow btIconsNormalPosition\" ><span class=\"btIco btIcoDefaultType btIcoExtraSmallSize btIcoDefaultColor   \" ><a href=\"https:\/\/citaonline.portalns.es\/b9ae129201\"  target = \"no_target\" data-ico-fa=\"&#xf073;\" class=\"btIcoHolder\"><em><\/em><span class=\"btIcoText\">Reserva tu cita<\/span><\/a><\/span><\/div><div class=\"btClear btSeparator topSemiSpaced noBorder\" ><hr><\/div><\/div><\/div><\/div>\r\n\t\t\t<script type=\"text\/javascript\">\r\n\t\t\t\tjQuery( document ).ready(function() {\r\n\t\t\t\t\tbt_gmap_init( map_canvas69e75215aebe1, -17.387576964249092, -66.15194930731693, 17, \"\", \"\", \"\", \"\", \"W3siZmVhdHVyZVR5cGUiOiJhZG1pbmlzdHJhdGl2ZSIsInN0eWxlcnMiOlt7InZpc2liaWxpdHkiOiJvZmYifV19LHsiZmVhdHVyZVR5cGUiOiJwb2kiLCJzdHlsZXJzIjpbeyJ2aXNpYmlsaXR5Ijoic2ltcGxpZmllZCJ9XX0seyJmZWF0dXJlVHlwZSI6InJvYWQiLCJzdHlsZXJzIjpbeyJ2aXNpYmlsaXR5Ijoic2ltcGxpZmllZCJ9XX0seyJmZWF0dXJlVHlwZSI6IndhdGVyIiwic3R5bGVycyI6W3sidmlzaWJpbGl0eSI6InNpbXBsaWZpZWQifV19LHsiZmVhdHVyZVR5cGUiOiJ0cmFuc2l0Iiwic3R5bGVycyI6W3sidmlzaWJpbGl0eSI6InNpbXBsaWZpZWQifV19LHsiZmVhdHVyZVR5cGUiOiJsYW5kc2NhcGUiLCJzdHlsZXJzIjpbeyJ2aXNpYmlsaXR5Ijoic2ltcGxpZmllZCJ9XX0seyJmZWF0dXJlVHlwZSI6InJvYWQuaGlnaHdheSIsInN0eWxlcnMiOlt7InZpc2liaWxpdHkiOiJvZmYifV19LHsiZmVhdHVyZVR5cGUiOiJyb2FkLmxvY2FsIiwic3R5bGVycyI6W3sidmlzaWJpbGl0eSI6Im9uIn1dfSx7ImZlYXR1cmVUeXBlIjoicm9hZC5oaWdod2F5IiwiZWxlbWVudFR5cGUiOiJnZW9tZXRyeSIsInN0eWxlcnMiOlt7InZpc2liaWxpdHkiOiJvbiJ9XX0seyJmZWF0dXJlVHlwZSI6IndhdGVyIiwic3R5bGVycyI6W3siY29sb3IiOiIjODRhZmEzIn0seyJsaWdodG5lc3MiOjUyfV19LHsic3R5bGVycyI6W3sic2F0dXJhdGlvbiI6LTc3fV19LHsiZmVhdHVyZVR5cGUiOiJyb2FkIn1d\" );\r\n\t\t\t\t\t});\t\r\n\t\t\t<\/script>\r\n\t\t\t<\/div><\/div><\/div><\/div><\/div><\/div><\/div><\/section><\/p>\n","protected":false},"excerpt":{"rendered":"","protected":false},"author":1,"featured_media":0,"parent":0,"menu_order":0,"comment_status":"closed","ping_status":"closed","template":"","meta":{"footnotes":""},"class_list":["post-976","page","type-page","status-publish","hentry"],"_links":{"self":[{"href":"https:\/\/hospitalbelga.com\/web\/wp-json\/wp\/v2\/pages\/976","targetHints":{"allow":["GET"]}}],"collection":[{"href":"https:\/\/hospitalbelga.com\/web\/wp-json\/wp\/v2\/pages"}],"about":[{"href":"https:\/\/hospitalbelga.com\/web\/wp-json\/wp\/v2\/types\/page"}],"author":[{"embeddable":true,"href":"https:\/\/hospitalbelga.com\/web\/wp-json\/wp\/v2\/users\/1"}],"replies":[{"embeddable":true,"href":"https:\/\/hospitalbelga.com\/web\/wp-json\/wp\/v2\/comments?post=976"}],"version-history":[{"count":153,"href":"https:\/\/hospitalbelga.com\/web\/wp-json\/wp\/v2\/pages\/976\/revisions"}],"predecessor-version":[{"id":2983,"href":"https:\/\/hospitalbelga.com\/web\/wp-json\/wp\/v2\/pages\/976\/revisions\/2983"}],"wp:attachment":[{"href":"https:\/\/hospitalbelga.com\/web\/wp-json\/wp\/v2\/media?parent=976"}],"curies":[{"name":"wp","href":"https:\/\/api.w.org\/{rel}","templated":true}]}}